t is -1c94 - 0?
-1c94
In base 14, what is 6b8 + -5?
6b3
In base 4, what is -1 - -1012?
1011
In base 3, what is -1011 - -11?
-1000
In base 12, what is 29 + 144?
171
In base 5, what is -121 - -23?
-43
In base 2, what is 100001110 - -11?
100010001
In base 11, what is 55 - -6?
60
In base 16, what is -28 + -4?
-2c
In base 8, what is -124 + -6?
-132
In base 13, what is 24 + -145?
-121
In base 9, what is 270 + -31?
238
In base 4, what is -10030 + 33?
-3331
In base 13, what is -6 + -20a?
-213
In base 4, what is -1113 + 111?
-1002
In base 4, what is 2000 + -1023?
311
In base 16, what is -19c + 4?
-198
In base 15, what is -3 - 1?
-4
In base 11, what is -3 + 94?
91
In base 14, what is d8 - -4?
dc
In base 14, what is 1b - 10?
b
In base 14, what is 2b + 1?
2c
In base 6, what is 21 - 11302?
-11241
In base 8, what is -256 + -1?
-257
In base 7, what is -5 + 65?
60
In base 9, what is 3115 + 5?
3121
In base 15, what is -2 + 21?
1e
In base 4, what is -30 - -33111?
33021
In base 15, what is -5 + 5d2?
5cc
In base 4, what is -11 + -122023?
-122100
In base 13, what is -4bc1 - -4?
-4bba
In base 14, what is -bc + 5?
-b7
In base 16, what is a + -42?
-38
In base 3, what is -21202111 + -1?
-21202112
In base 14, what is 22 + -5?
1b
In base 9, what is -372 + -2?
-374
In base 7, what is -5 - 64?
-102
In base 3, what is -12 + 20000?
12211
In base 2, what is 1110 + 101001?
110111
In base 3, what is -22122 + 10?
-22112
In base 5, what is 4 + 44003?
44012
In base 5, what is 3 - 20143?
-20140
In base 15, what is -6 - -52d?
527
In base 15, what is 2b - -1?
2c
In base 10, what is -1 - -6602?
6601
In base 13, what is 679b + -4?
6797
In base 15, what is -52 - -a?
-47
In base 8, what is -11 - -742?
731
In base 4, what is -2331 - 102?
-3033
In base 11, what is a0 + 17?
107
In base 5, what is -22341 - 2?
-22343
In base 2, what is -111011 + 1?
-111010
In base 13, what is -169 - -5?
-164
In base 9, what is 5 - -143?
148
In base 2, what is -101 - -1?
-100
In base 16, what is 56 - 6?
50
In base 12, what is 9 - -36?
43
In base 5, what is -111 - 30?
-141
In base 3, what is -2 - -10120?
10111
In base 14, what is 7a - 4?
76
In base 7, what is -6 + -5205?
-5214
In base 5, what is 10 - 42?
-32
In base 16, what is 2 + 1cc8?
1cca
In base 5, what is -232 + -4?
-241
In base 3, what is 2000 + 11?
2011
In base 10, what is 8 + -560?
-552
In base 16, what is -1094 + -3?
-1097
In base 16, what is a - -8?
12
In base 14, what is -4 + c8?
c4
In base 9, what is -6170 + 3?
-6166
In base 16, what is -4b - -5?
-46
In base 3, what is -1000 - 1?
-1001
In base 8, what is -52 + 21?
-31
In base 5, what is 0 - 323?
-323
In base 15, what is 3 + 17?
1a
In base 10, what is 1144 + 5?
1149
In base 14, what is -5 - d3d?
-d44
In base 14, what is 9a - -1?
9b
In base 11, what is a - 142?
-133
In base 15, what is 2 - -36?
38
In base 7, what is -4 - 310?
-314
In base 9, what is -522 - 5?
-527
In base 12, what is -6b5 + -2?
-6b7
In base 6, what is -3 - -233?
230
In base 7, what is -21 - 23?
-44
In base 6, what is -5 + -1150?
-1155
In base 10, what is 351 - -19?
370
In base 13, what is 2 + -12a?
-128
In base 14, what is -8b6 + 5?
-8b1
In base 8, what is -20 + -4?
-24
In base 4, what is -102 - 23002?
-23110
In base 4, what is 10332 - 113?
10213
In base 2, what is -10 + 100101111?
100101101
In base 14, what is 1381 - -2?
1383
In base 7, what is 2 + -20?
-15
In base 15, what is -bb - 5?
-c1
In base 6, what is 0 - 1250?
-1250
In base 10, what is 1 - -19?
20
In base 16, what is -4 - -248?
244
In base 9, what is -2 - -405?
403
In base 9, what is 2054 - -5?
2060
In base 11, what is -136 + -2?
-138
In base 9, what is 3 + 230?
233
In base 11, what is -20 - 6?
-26
In base 12, what is -54 + -8?
-60
In base 7, what is -2 + 132?
130
In base 15, what is 3 - -1c?
20
In base 16, what is -26 + -16?
-3c
In base 13, what is 8b + 2?
90
In base 10, what is -2 + 904?
902
In base 11, what is 7 - -60a?
616
In base 7, what is 2 + -13364?
-13362
In base 3, what is -100200 + 2?
-100121
In base 13, what is 6 + 1?
7
In base 14, what is -12d - -5?
-128
In base 15, what is 97 + 7d?
125
In base 2, what is -11 + 11111100?
11111001
In base 15, what is -2 - 2a?
-2c
In base 7, what is 6 + -1002?
-663
In base 5, what is -104423 + 0?
-104423
In base 6, what is 1045 + 2?
1051
In base 10, what is 3 + -124?
-121
In base 15, what is -2 + -14?
-16
In base 8, what is -2376 + 0?
-2376
In base 15, what is -d3 + 9?
-c9
In base 2, what is -1001100 + 11?
-1001001
In base 6, what is 125 - -1?
130
In base 9, what is -1511 + 0?
-1511
In base 7, what is -34 - 1?
-35
In base 6, what is 3 - 11022?
-11015
In base 7, what is 3564 - -2?
3566
In base 4, what is -3211202 - 10?
-3211212
In base 8, what is 4 + -5532?
-5526
In base 5, what is 3 + 43?
101
In base 11, what is -76a + 0?
-76a
In base 7, what is -61 - 0?
-61
In base 5, what is -1 + 11333?
11332
In base 12, what is 1312 + -1?
1311
In base 15, what is 4 - 26?
-22
In base 6, what is -202 + 5?
-153
In base 4, what is 1 - -1123?
1130
In base 13, what is 969 + 2?
96b
In base 16, what is 3c8 + 5?
3cd
In base 11, what is -5 - 263?
-268
In base 14, what is 293 - -5?
298
In base 12, what is 131 - -4?
135
In base 13, what is 8 - 77?
-6c
In base 4, what is 1020130 + -10?
1020120
In base 11, what is -3 - -233?
230
In base 7, what is 5 + -14?
-6
In base 15, what is 5 - 124?
-11e
In base 3, what is -1120 - -1200?
10
In base 16, what is 216 + -3?
213
In base 5, what is -102 - 2?
-104
In base 13, what is -40 - 0?
-40
In base 8, what is -20 + -156?
-176
In base 5, what is -3132 + -10?
-3142
In base 3, what is 111201022 - -11?
111201110
In base 6, what is -21 - 133?
-154
In base 2, what is -10 + 111101?
111011
In base 4, what is -31 + -111?
-202
In base 5, what is -110 - -40?
-20
In base 7, what is -120 - -11?
-106
In base 14, what is -5 - 18?
-1d
In base 6, what is 1 - 202?
-201
In base 10, what is -5 + -6?
-11
In base 9, what is -154 - -1?
-153
In base 11, what is -1a - 32?
-51
In base 13, what is -5 + 21?
19
In base 9, what is -5 - -15?
10
In base 13, what is 6 - -40?
46
In base 7, what is -32535 - 3?
-32541
In base 6, what is -4 + 3144?
3140
In base 16, what is -4f0 - -5?
-4eb
In base 12, what is 0 - -301?
301
In base 4, what is -130 + -2?
-132
In base 7, what is -465 - 10?
-505
In base 9, what is -45 + 2?
-43
In base 11, what is 153 - -3?
156
In base 8, what is -5 + -407?
-414
In base 3, what is -21 + 21222?
21201
In base 5, what is -122 + -10?
-132
In base 15, what is -a10 + 1?
-a0e
In base 14, what is 373 + -1?
372
In base 6, what is 135 + 212?
351
In base 6, what is 145 - -5?
154
In base 5, what is -4342 - 0?
-4342
In base 3, what is 21202 - -12?
21221
In base 8, what is -1746 + 3?
-1743
In base 14, what is -5 - -28?
23
In base 4, what is 3111 + 1?
3112
In base 8, what is 2 - 215?
-213
In base 5, what is 441 + -10?
431
In base 3, what is 112 + 210211?
211100
In base 6, what is -2 - -145?
143
In base 14, what is -1 + c6?
c5
In base 14, what is 3 + -20?
-1b
In base 13, what is -1a - -6?
-14
In base 16, what is -f + 0?
-f
In base 16, what is -3 - -37?
34
In base 15, what is 33d9 + -5?
33d4
In base 2, what is 100 - -10111100?
11000000
In base 2, what is -100111100 + 0?
-100111100
In base 12, what is 0 - -65?
65
In base 8, what is 2367 + 3?
2372
In base 10, what is 1 - 18?
-17
In base 12, what is 5 + 410?
415
In base 8, what is -3 - 123?
-126
In base 13, what is -3 - -475?
472
In base 12, what is -8a - 1?
-8b
In base 5, what is -12422 - 4?
-12431
In base 13, what is -438 - 0?
-438
In base 9, what is -8 + 170?
161
In base 6, what is 120 - 0?
120
In base 11, what is 1a77 + 3?
1a7a
In base 12, what is -15 + -6?
-1b
In base 8, what is 1 - 0?
1
In base 7, what is -1303 - -16?
-1254
In base 2, what is -11 - -101010111?
101010100
In base 8, what is 17 - -67?
106
In base 4, what is -10 - -1323?
1313
In base 7, what is -2 - -522?
520
In base 16, what is 78 + -5?
73
In base 2, what is -1000110 + 110?
-1000000
In base 9, what is 13 - 122?
-108
In base 15, what is -15c8 + 1?
-15c7
In base 7, what is 1465 - 3?
1462
In base 15, what is -4 + c?
8
In base 7, what is 611 + -11?
600
In base 5, what is -4 - -114300?
114241
In base 9, what is 6 - -8?
15
In base 2, what is 10101010001 - -10?
10101010011
In base 10, what is 6 + -122?
-116
In base 10, what is 13 